{"id":360,"date":"2019-10-26T17:39:13","date_gmt":"2019-10-26T15:39:13","guid":{"rendered":"http:\/\/jciidun.cluster028.hosting.ovh.net\/?page_id=360"},"modified":"2020-07-01T17:46:11","modified_gmt":"2020-07-01T15:46:11","slug":"our-guides","status":"publish","type":"page","link":"https:\/\/www.bikelagrave.com\/fr\/our-guides\/","title":{"rendered":"Nos Guides"},"content":{"rendered":"<section class=\"wpb-content-wrapper\">[vc_row][vc_column width=&#8221;1\/3&#8243;][vc_single_image image=&#8221;882&#8243; img_size=&#8221;450&#215;450&#8243; alignment=&#8221;center&#8221; style=&#8221;vc_box_circle_2&#8243;][vc_column_text]\n<h2 style=\"text-align: center;\">Cyril Dupeyr\u00e9<\/h2>\n<h4 style=\"text-align: center;\"><em>Dupe-dupe<\/em><\/h4>\n[\/vc_column_text][vc_tta_accordion style=&#8221;modern&#8221; shape=&#8221;square&#8221; color=&#8221;white&#8221; spacing=&#8221;10&#8243; gap=&#8221;10&#8243; c_icon=&#8221;chevron&#8221; c_position=&#8221;right&#8221; active_section=&#8221;1&#8243; collapsible_all=&#8221;true&#8221;][vc_tta_section i_position=&#8221;right&#8221; i_icon_fontawesome=&#8221;fa fa-book&#8221; add_icon=&#8221;true&#8221; title=&#8221;Biography&#8221; tab_id=&#8221;1572105135762-be56808b-24ee&#8221;][vc_column_text]<span style=\"font-weight: 400;\">Cyril est arriv\u00e9 \u00e0 La Grave en 2007 peu apr\u00e8s avoir obtenu son dipl\u00f4me de guide de haute montagne. Il a pass\u00e9 son adolescence sur un VTT mais, m\u00eame si c\u2019est dur \u00e0 croire, a ensuite oubli\u00e9 \u00e0 quel point c\u2019\u00e9tait bon jusqu\u2019\u00e0 ce qu\u2019Erin ne l\u2019embarque dans la formation de moniteur VTT. Surmotiv\u00e9 par ces retrouvailles r\u00e9centes avec le v\u00e9lo, il ne n\u00e9glige pas pour autant le ski, l\u2019escalade, l\u2019alpinisme ou le canyoning et est en montagne toute l\u2019ann\u00e9e avec des amis ou des clients.<\/span>[\/vc_column_text][\/vc_tta_section][vc_tta_section i_position=&#8221;right&#8221; i_icon_fontawesome=&#8221;fa fa-envelope-o&#8221; add_icon=&#8221;true&#8221; title=&#8221;Contact&#8221; tab_id=&#8221;1572105135796-1bcf4911-07f4&#8243;][vc_column_text]<i class=\"fas fa-phone\"><\/i> +33 <span style=\"font-weight: 400;\">6 25 41 13 46<\/span><br \/>\n<span style=\"font-weight: 400;\">cyrildupeyre@yahoo.fr<\/span>[\/vc_column_text][\/vc_tta_section][\/vc_tta_accordion][\/vc_column][vc_column width=&#8221;1\/3&#8243;][vc_single_image image=&#8221;877&#8243; img_size=&#8221;450&#215;450&#8243; alignment=&#8221;center&#8221; style=&#8221;vc_box_circle_2&#8243;][vc_column_text]\n<h2 style=\"text-align: center;\">Erin Smart<\/h2>\n<h4 style=\"text-align: center;\"><em>La Mobilette<\/em><\/h4>\n[\/vc_column_text][vc_tta_accordion style=&#8221;modern&#8221; shape=&#8221;square&#8221; color=&#8221;white&#8221; spacing=&#8221;10&#8243; gap=&#8221;10&#8243; c_icon=&#8221;chevron&#8221; c_position=&#8221;right&#8221; active_section=&#8221;1&#8243; collapsible_all=&#8221;true&#8221;][vc_tta_section i_position=&#8221;right&#8221; i_icon_fontawesome=&#8221;fa fa-book&#8221; add_icon=&#8221;true&#8221; title=&#8221;Biography&#8221; tab_id=&#8221;1572104643429-f4107f6a-842b&#8221;][vc_column_text]<span style=\"font-weight: 400;\">Erin est originaire de Seattle, elle a commenc\u00e9 \u00e0 tra\u00eener \u00e0 La Grave en 2004 et habite ici depuis 2016. Elle a grandi en s\u2019amusant dans le massif des Cascades, surtout avec ses skis puis a d\u00e9couvert le VTT lorsqu\u2019elle \u00e9tait \u00e0 l\u2019universit\u00e9 de Bellingham o\u00f9 elle est devenue addict de ce sport.<\/span><\/p>\n<p><span style=\"font-weight: 400;\">Apr\u00e8s avoir obtenue le dipl\u00f4me de guide de haute montagne, elle a suivi la formation fran\u00e7aise de monitrice de VTT. Elle travaille toute l\u2019ann\u00e9e dans les montagnes: ski hors-piste l\u2019hiver, alpinisme au d\u00e9but de l\u2019\u00e9t\u00e9 puis en VTT jusqu\u2019\u00e0 l\u2019automne.\u00a0<\/span><span style=\"font-weight: 400;\">Pour compl\u00e9ter, elle \u00e9crit comme journaliste ind\u00e9pendante pour des magazines am\u00e9ricains et est aussi athl\u00e8te dans l\u2019\u00e9quipe SCOTT.<\/span>[\/vc_column_text][\/vc_tta_section][vc_tta_section i_position=&#8221;right&#8221; i_icon_fontawesome=&#8221;fa fa-envelope-o&#8221; add_icon=&#8221;true&#8221; title=&#8221;Contact&#8221; tab_id=&#8221;1572104643452-bf1b2f99-b72f&#8221;][vc_column_text]<i class=\"fas fa-phone\"><\/i> +33 7 89 57 99 37<br \/>\n<i class=\"fas fa-at\"><\/i> erin.g.smart@gmail.com<br \/>\n<i class=\"fas fa-desktop\"><\/i> www.erinsmart.com[\/vc_column_text][\/vc_tta_section][\/vc_tta_accordion][\/vc_column][vc_column width=&#8221;1\/3&#8243;][vc_single_image image=&#8221;907&#8243; img_size=&#8221;450&#215;450&#8243; alignment=&#8221;center&#8221; style=&#8221;vc_box_circle_2&#8243;][vc_column_text]\n<h2 style=\"text-align: center;\">Bruno Florit<\/h2>\n<h4 style=\"text-align: center;\"><em>Captain<\/em><\/h4>\n[\/vc_column_text][vc_tta_accordion style=&#8221;modern&#8221; shape=&#8221;square&#8221; color=&#8221;white&#8221; spacing=&#8221;10&#8243; gap=&#8221;10&#8243; c_icon=&#8221;chevron&#8221; c_position=&#8221;right&#8221; active_section=&#8221;1&#8243; collapsible_all=&#8221;true&#8221;][vc_tta_section i_position=&#8221;right&#8221; i_icon_fontawesome=&#8221;fa fa-book&#8221; add_icon=&#8221;true&#8221; title=&#8221;Biography&#8221; tab_id=&#8221;1572105216310-b755ac02-2ef8&#8243;][vc_column_text]<span style=\"font-weight: 400;\">Bruno fait partie des murs \u00e0 La Grave et lorsqu\u2019il n\u2019est pas parti rouler, skier ou jouer dans un concert vous le trouverez dans son \u2018\u2019petit\u2019\u2019 magasin occup\u00e9 \u00e0 pr\u00e9parer la future collection \u2018\u2019Original La Grave\u201d ou \u00e0 ranger la derni\u00e8re livraison SCOTT. La 1\u00e8re fois qu\u2019il est mont\u00e9 au t\u00e9l\u00e9ph\u00e9rique avec son v\u00e9lo, il y a 20ans !, il a s\u00fbrement d\u00fb croiser quelques regards interrogateur et si vous venez rouler aujourd\u2019hui vous allez forc\u00e9ment emprunter les traces laiss\u00e9es par ses innombrables passages. Bien s\u00fbr moniteur de VTT mais surtout pionnier de cette activit\u00e9 dans la r\u00e9gion, il ne manque pas d\u2019id\u00e9es et si quelqu\u2019un pense connaitre toutes les descentes il aura vite fait de lui montrer le contraire\u2026.c\u2019est lui qui a invent\u00e9 et organiser la Fat Wheel de 2004 \u00e0 2008 !<\/span>[\/vc_column_text][\/vc_tta_section][vc_tta_section i_position=&#8221;right&#8221; i_icon_fontawesome=&#8221;fa fa-envelope-o&#8221; add_icon=&#8221;true&#8221; title=&#8221;Contact&#8221; tab_id=&#8221;1572105216337-7a2b103e-f3ce&#8221;][vc_column_text]<i class=\"fas fa-phone\"><\/i> +33 6 88 03 32 60<br \/>\n<i class=\"fas fa-at\"><\/i> skiextreme@wanadoo.fr[\/vc_column_text][\/vc_tta_section][\/vc_tta_accordion][\/vc_column][\/vc_row]\n<\/section>","protected":false},"excerpt":{"rendered":"<p>[vc_row][vc_column width=&#8221;1\/3&#8243;][vc_single_image image=&#8221;882&#8243; img_size=&#8221;450&#215;450&#8243; alignment=&#8221;center&#8221; style=&#8221;vc_box_circle_2&#8243;][vc_column_text] Cyril Dupeyr\u00e9 Dupe-dupe [\/vc_column_text][vc_tta_accordion style=&#8221;modern&#8221; shape=&#8221;square&#8221; color=&#8221;white&#8221; spacing=&#8221;10&#8243; gap=&#8221;10&#8243; c_icon=&#8221;chevron&#8221; c_position=&#8221;right&#8221; active_section=&#8221;1&#8243; collapsible_all=&#8221;true&#8221;][vc_tta_section i_position=&#8221;right&#8221; i_icon_fontawesome=&#8221;fa fa-book&#8221; add_icon=&#8221;true&#8221; title=&#8221;Biography&#8221; tab_id=&#8221;1572105135762-be56808b-24ee&#8221;][vc_column_text]Cyril est arriv\u00e9 \u00e0 La Grave en 2007 peu apr\u00e8s avoir obtenu son dipl\u00f4me de guide de haute montagne. Il a pass\u00e9 son adolescence sur un VTT mais, m\u00eame si c\u2019est&hellip;<\/p>\n","protected":false},"author":2,"featured_media":0,"parent":0,"menu_order":0,"comment_status":"closed","ping_status":"closed","template":"","meta":{"inline_featured_image":false},"acf":[],"yoast_head":"<!-- This site is optimized with the Yoast SEO plugin v21.8.1 - https:\/\/yoast.com\/wordpress\/plugins\/seo\/ -->\n<title>Bike La Grave - Our Guides \/ Nos Guides<\/title>\n<meta name=\"description\" content=\"Erin Smart, Cyril Dupeyre, and Bruno Florit. The Bike La Grave guides all exceed industry standards in mountain biking, first aid, and mountain travel.\" \/>\n<meta name=\"robots\" content=\"index, follow, max-snippet:-1, max-image-preview:large, max-video-preview:-1\" \/>\n<link rel=\"canonical\" href=\"https:\/\/www.bikelagrave.com\/our-guides\/\" \/>\n<meta property=\"og:locale\" content=\"fr_FR\" \/>\n<meta property=\"og:type\" content=\"article\" \/>\n<meta property=\"og:title\" content=\"Bike La Grave - Our Guides \/ Nos Guides\" \/>\n<meta property=\"og:description\" content=\"Erin Smart, Cyril Dupeyre, and Bruno Florit. The Bike La Grave guides all exceed industry standards in mountain biking, first aid, and mountain travel.\" \/>\n<meta property=\"og:url\" content=\"https:\/\/www.bikelagrave.com\/our-guides\/\" \/>\n<meta property=\"og:site_name\" content=\"Bike La Grave\" \/>\n<meta property=\"article:modified_time\" content=\"2020-07-01T15:46:11+00:00\" \/>\n<meta name=\"twitter:card\" content=\"summary_large_image\" \/>\n<meta name=\"twitter:label1\" content=\"Dur\u00e9e de lecture estim\u00e9e\" \/>\n\t<meta name=\"twitter:data1\" content=\"7 minutes\" \/>\n<script type=\"application\/ld+json\" class=\"yoast-schema-graph\">{\"@context\":\"https:\/\/schema.org\",\"@graph\":[{\"@type\":\"WebPage\",\"@id\":\"https:\/\/www.bikelagrave.com\/our-guides\/\",\"url\":\"https:\/\/www.bikelagrave.com\/our-guides\/\",\"name\":\"Bike La Grave - Our Guides \/ Nos Guides\",\"isPartOf\":{\"@id\":\"https:\/\/www.bikelagrave.com\/#website\"},\"datePublished\":\"2019-10-26T15:39:13+00:00\",\"dateModified\":\"2020-07-01T15:46:11+00:00\",\"description\":\"Erin Smart, Cyril Dupeyre, and Bruno Florit. The Bike La Grave guides all exceed industry standards in mountain biking, first aid, and mountain travel.\",\"breadcrumb\":{\"@id\":\"https:\/\/www.bikelagrave.com\/our-guides\/#breadcrumb\"},\"inLanguage\":\"fr-FR\",\"potentialAction\":[{\"@type\":\"ReadAction\",\"target\":[\"https:\/\/www.bikelagrave.com\/our-guides\/\"]}]},{\"@type\":\"BreadcrumbList\",\"@id\":\"https:\/\/www.bikelagrave.com\/our-guides\/#breadcrumb\",\"itemListElement\":[{\"@type\":\"ListItem\",\"position\":1,\"name\":\"Home\",\"item\":\"https:\/\/www.bikelagrave.com\/\"},{\"@type\":\"ListItem\",\"position\":2,\"name\":\"Our Guides\"}]},{\"@type\":\"WebSite\",\"@id\":\"https:\/\/www.bikelagrave.com\/#website\",\"url\":\"https:\/\/www.bikelagrave.com\/\",\"name\":\"Bike La Grave\",\"description\":\"Biking in La Grave\",\"potentialAction\":[{\"@type\":\"SearchAction\",\"target\":{\"@type\":\"EntryPoint\",\"urlTemplate\":\"https:\/\/www.bikelagrave.com\/?s={search_term_string}\"},\"query-input\":\"required name=search_term_string\"}],\"inLanguage\":\"fr-FR\"}]}<\/script>\n<!-- \/ Yoast SEO plugin. -->","yoast_head_json":{"title":"Bike La Grave - Our Guides \/ Nos Guides","description":"Erin Smart, Cyril Dupeyre, and Bruno Florit. The Bike La Grave guides all exceed industry standards in mountain biking, first aid, and mountain travel.","robots":{"index":"index","follow":"follow","max-snippet":"max-snippet:-1","max-image-preview":"max-image-preview:large","max-video-preview":"max-video-preview:-1"},"canonical":"https:\/\/www.bikelagrave.com\/our-guides\/","og_locale":"fr_FR","og_type":"article","og_title":"Bike La Grave - Our Guides \/ Nos Guides","og_description":"Erin Smart, Cyril Dupeyre, and Bruno Florit. The Bike La Grave guides all exceed industry standards in mountain biking, first aid, and mountain travel.","og_url":"https:\/\/www.bikelagrave.com\/our-guides\/","og_site_name":"Bike La Grave","article_modified_time":"2020-07-01T15:46:11+00:00","twitter_card":"summary_large_image","twitter_misc":{"Dur\u00e9e de lecture estim\u00e9e":"7 minutes"},"schema":{"@context":"https:\/\/schema.org","@graph":[{"@type":"WebPage","@id":"https:\/\/www.bikelagrave.com\/our-guides\/","url":"https:\/\/www.bikelagrave.com\/our-guides\/","name":"Bike La Grave - Our Guides \/ Nos Guides","isPartOf":{"@id":"https:\/\/www.bikelagrave.com\/#website"},"datePublished":"2019-10-26T15:39:13+00:00","dateModified":"2020-07-01T15:46:11+00:00","description":"Erin Smart, Cyril Dupeyre, and Bruno Florit. The Bike La Grave guides all exceed industry standards in mountain biking, first aid, and mountain travel.","breadcrumb":{"@id":"https:\/\/www.bikelagrave.com\/our-guides\/#breadcrumb"},"inLanguage":"fr-FR","potentialAction":[{"@type":"ReadAction","target":["https:\/\/www.bikelagrave.com\/our-guides\/"]}]},{"@type":"BreadcrumbList","@id":"https:\/\/www.bikelagrave.com\/our-guides\/#breadcrumb","itemListElement":[{"@type":"ListItem","position":1,"name":"Home","item":"https:\/\/www.bikelagrave.com\/"},{"@type":"ListItem","position":2,"name":"Our Guides"}]},{"@type":"WebSite","@id":"https:\/\/www.bikelagrave.com\/#website","url":"https:\/\/www.bikelagrave.com\/","name":"Bike La Grave","description":"Biking in La Grave","potentialAction":[{"@type":"SearchAction","target":{"@type":"EntryPoint","urlTemplate":"https:\/\/www.bikelagrave.com\/?s={search_term_string}"},"query-input":"required name=search_term_string"}],"inLanguage":"fr-FR"}]}},"_links":{"self":[{"href":"https:\/\/www.bikelagrave.com\/fr\/wp-json\/wp\/v2\/pages\/360"}],"collection":[{"href":"https:\/\/www.bikelagrave.com\/fr\/wp-json\/wp\/v2\/pages"}],"about":[{"href":"https:\/\/www.bikelagrave.com\/fr\/wp-json\/wp\/v2\/types\/page"}],"author":[{"embeddable":true,"href":"https:\/\/www.bikelagrave.com\/fr\/wp-json\/wp\/v2\/users\/2"}],"replies":[{"embeddable":true,"href":"https:\/\/www.bikelagrave.com\/fr\/wp-json\/wp\/v2\/comments?post=360"}],"version-history":[{"count":22,"href":"https:\/\/www.bikelagrave.com\/fr\/wp-json\/wp\/v2\/pages\/360\/revisions"}],"predecessor-version":[{"id":1146,"href":"https:\/\/www.bikelagrave.com\/fr\/wp-json\/wp\/v2\/pages\/360\/revisions\/1146"}],"wp:attachment":[{"href":"https:\/\/www.bikelagrave.com\/fr\/wp-json\/wp\/v2\/media?parent=360"}],"curies":[{"name":"wp","href":"https:\/\/api.w.org\/{rel}","templated":true}]}}

<section class="wpb-content-wrapper">[vc_row][vc_column width=&#8221;1/3&#8243;][vc_single_image image=&#8221;882&#8243; img_size=&#8221;450&#215;450&#8243; alignment=&#8221;center&#8221; style=&#8221;vc_box_circle_2&#8243;][vc_column_text]
<h2 style="text-align: center;">Cyril Dupeyré</h2>
<h4 style="text-align: center;"><em>Dupe-dupe</em></h4>
[/vc_column_text][vc_tta_accordion style=&#8221;modern&#8221; shape=&#8221;square&#8221; color=&#8221;white&#8221; spacing=&#8221;10&#8243; gap=&#8221;10&#8243; c_icon=&#8221;chevron&#8221; c_position=&#8221;right&#8221; active_section=&#8221;1&#8243; collapsible_all=&#8221;true&#8221;][vc_tta_section i_position=&#8221;right&#8221; i_icon_fontawesome=&#8221;fa fa-book&#8221; add_icon=&#8221;true&#8221; title=&#8221;Biography&#8221; tab_id=&#8221;1572105135762-be56808b-24ee&#8221;][vc_column_text]<span style="font-weight: 400;">Cyril est arrivé à La Grave en 2007 peu après avoir obtenu son diplôme de guide de haute montagne. Il a passé son adolescence sur un VTT mais, même si c’est dur à croire, a ensuite oublié à quel point c’était bon jusqu’à ce qu’Erin ne l’embarque dans la formation de moniteur VTT. Surmotivé par ces retrouvailles récentes avec le vélo, il ne néglige pas pour autant le ski, l’escalade, l’alpinisme ou le canyoning et est en montagne toute l’année avec des amis ou des clients.</span>[/vc_column_text][/vc_tta_section][vc_tta_section i_position=&#8221;right&#8221; i_icon_fontawesome=&#8221;fa fa-envelope-o&#8221; add_icon=&#8221;true&#8221; title=&#8221;Contact&#8221; tab_id=&#8221;1572105135796-1bcf4911-07f4&#8243;][vc_column_text]<i class="fas fa-phone"></i> +33 <span style="font-weight: 400;">6 25 41 13 46</span><br />
<span style="font-weight: 400;">cyrildupeyre@yahoo.fr</span>[/vc_column_text][/vc_tta_section][/vc_tta_accordion][/vc_column][vc_column width=&#8221;1/3&#8243;][vc_single_image image=&#8221;877&#8243; img_size=&#8221;450&#215;450&#8243; alignment=&#8221;center&#8221; style=&#8221;vc_box_circle_2&#8243;][vc_column_text]
<h2 style="text-align: center;">Erin Smart</h2>
<h4 style="text-align: center;"><em>La Mobilette</em></h4>
[/vc_column_text][vc_tta_accordion style=&#8221;modern&#8221; shape=&#8221;square&#8221; color=&#8221;white&#8221; spacing=&#8221;10&#8243; gap=&#8221;10&#8243; c_icon=&#8221;chevron&#8221; c_position=&#8221;right&#8221; active_section=&#8221;1&#8243; collapsible_all=&#8221;true&#8221;][vc_tta_section i_position=&#8221;right&#8221; i_icon_fontawesome=&#8221;fa fa-book&#8221; add_icon=&#8221;true&#8221; title=&#8221;Biography&#8221; tab_id=&#8221;1572104643429-f4107f6a-842b&#8221;][vc_column_text]<span style="font-weight: 400;">Erin est originaire de Seattle, elle a commencé à traîner à La Grave en 2004 et habite ici depuis 2016. Elle a grandi en s’amusant dans le massif des Cascades, surtout avec ses skis puis a découvert le VTT lorsqu’elle était à l’université de Bellingham où elle est devenue addict de ce sport.</span></p>
<p><span style="font-weight: 400;">Après avoir obtenue le diplôme de guide de haute montagne, elle a suivi la formation française de monitrice de VTT. Elle travaille toute l’année dans les montagnes: ski hors-piste l’hiver, alpinisme au début de l’été puis en VTT jusqu’à l’automne. </span><span style="font-weight: 400;">Pour compléter, elle écrit comme journaliste indépendante pour des magazines américains et est aussi athlète dans l’équipe SCOTT.</span>[/vc_column_text][/vc_tta_section][vc_tta_section i_position=&#8221;right&#8221; i_icon_fontawesome=&#8221;fa fa-envelope-o&#8221; add_icon=&#8221;true&#8221; title=&#8221;Contact&#8221; tab_id=&#8221;1572104643452-bf1b2f99-b72f&#8221;][vc_column_text]<i class="fas fa-phone"></i> +33 7 89 57 99 37<br />
<i class="fas fa-at"></i> erin.g.smart@gmail.com<br />
<i class="fas fa-desktop"></i> www.erinsmart.com[/vc_column_text][/vc_tta_section][/vc_tta_accordion][/vc_column][vc_column width=&#8221;1/3&#8243;][vc_single_image image=&#8221;907&#8243; img_size=&#8221;450&#215;450&#8243; alignment=&#8221;center&#8221; style=&#8221;vc_box_circle_2&#8243;][vc_column_text]
<h2 style="text-align: center;">Bruno Florit</h2>
<h4 style="text-align: center;"><em>Captain</em></h4>
[/vc_column_text][vc_tta_accordion style=&#8221;modern&#8221; shape=&#8221;square&#8221; color=&#8221;white&#8221; spacing=&#8221;10&#8243; gap=&#8221;10&#8243; c_icon=&#8221;chevron&#8221; c_position=&#8221;right&#8221; active_section=&#8221;1&#8243; collapsible_all=&#8221;true&#8221;][vc_tta_section i_position=&#8221;right&#8221; i_icon_fontawesome=&#8221;fa fa-book&#8221; add_icon=&#8221;true&#8221; title=&#8221;Biography&#8221; tab_id=&#8221;1572105216310-b755ac02-2ef8&#8243;][vc_column_text]<span style="font-weight: 400;">Bruno fait partie des murs à La Grave et lorsqu’il n’est pas parti rouler, skier ou jouer dans un concert vous le trouverez dans son ‘’petit’’ magasin occupé à préparer la future collection ‘’Original La Grave” ou à ranger la dernière livraison SCOTT. La 1ère fois qu’il est monté au téléphérique avec son vélo, il y a 20ans !, il a sûrement dû croiser quelques regards interrogateur et si vous venez rouler aujourd’hui vous allez forcément emprunter les traces laissées par ses innombrables passages. Bien sûr moniteur de VTT mais surtout pionnier de cette activité dans la région, il ne manque pas d’idées et si quelqu’un pense connaitre toutes les descentes il aura vite fait de lui montrer le contraire….c’est lui qui a inventé et organiser la Fat Wheel de 2004 à 2008 !</span>[/vc_column_text][/vc_tta_section][vc_tta_section i_position=&#8221;right&#8221; i_icon_fontawesome=&#8221;fa fa-envelope-o&#8221; add_icon=&#8221;true&#8221; title=&#8221;Contact&#8221; tab_id=&#8221;1572105216337-7a2b103e-f3ce&#8221;][vc_column_text]<i class="fas fa-phone"></i> +33 6 88 03 32 60<br />
<i class="fas fa-at"></i> skiextreme@wanadoo.fr[/vc_column_text][/vc_tta_section][/vc_tta_accordion][/vc_column][/vc_row]
</section>

<p>[vc_row][vc_column width=&#8221;1/3&#8243;][vc_single_image image=&#8221;882&#8243; img_size=&#8221;450&#215;450&#8243; alignment=&#8221;center&#8221; style=&#8221;vc_box_circle_2&#8243;][vc_column_text] Cyril Dupeyré Dupe-dupe [/vc_column_text][vc_tta_accordion style=&#8221;modern&#8221; shape=&#8221;square&#8221; color=&#8221;white&#8221; spacing=&#8221;10&#8243; gap=&#8221;10&#8243; c_icon=&#8221;chevron&#8221; c_position=&#8221;right&#8221; active_section=&#8221;1&#8243; collapsible_all=&#8221;true&#8221;][vc_tta_section i_position=&#8221;right&#8221; i_icon_fontawesome=&#8221;fa fa-book&#8221; add_icon=&#8221;true&#8221; title=&#8221;Biography&#8221; tab_id=&#8221;1572105135762-be56808b-24ee&#8221;][vc_column_text]Cyril est arrivé à La Grave en 2007 peu après avoir obtenu son diplôme de guide de haute montagne. Il a passé son adolescence sur un VTT mais, même si c’est&hellip;</p>

<!-- This site is optimized with the Yoast SEO plugin v21.8.1 - https://yoast.com/wordpress/plugins/seo/ -->
<title>Bike La Grave - Our Guides / Nos Guides</title>
<meta name="description" content="Erin Smart, Cyril Dupeyre, and Bruno Florit. The Bike La Grave guides all exceed industry standards in mountain biking, first aid, and mountain travel." />
<meta name="robots" content="index, follow, max-snippet:-1, max-image-preview:large, max-video-preview:-1" />
<link rel="canonical" href="https://www.bikelagrave.com/our-guides/" />
<meta property="og:locale" content="fr_FR" />
<meta property="og:type" content="article" />
<meta property="og:title" content="Bike La Grave - Our Guides / Nos Guides" />
<meta property="og:description" content="Erin Smart, Cyril Dupeyre, and Bruno Florit. The Bike La Grave guides all exceed industry standards in mountain biking, first aid, and mountain travel." />
<meta property="og:url" content="https://www.bikelagrave.com/our-guides/" />
<meta property="og:site_name" content="Bike La Grave" />
<meta property="article:modified_time" content="2020-07-01T15:46:11+00:00" />
<meta name="twitter:card" content="summary_large_image" />
<meta name="twitter:label1" content="Durée de lecture estimée" />
	<meta name="twitter:data1" content="7 minutes" />
<script type="application/ld+json" class="yoast-schema-graph">{"@context":"https://schema.org","@graph":[{"@type":"WebPage","@id":"https://www.bikelagrave.com/our-guides/","url":"https://www.bikelagrave.com/our-guides/","name":"Bike La Grave - Our Guides / Nos Guides","isPartOf":{"@id":"https://www.bikelagrave.com/#website"},"datePublished":"2019-10-26T15:39:13+00:00","dateModified":"2020-07-01T15:46:11+00:00","description":"Erin Smart, Cyril Dupeyre, and Bruno Florit. The Bike La Grave guides all exceed industry standards in mountain biking, first aid, and mountain travel.","breadcrumb":{"@id":"https://www.bikelagrave.com/our-guides/#breadcrumb"},"inLanguage":"fr-FR","potentialAction":[{"@type":"ReadAction","target":["https://www.bikelagrave.com/our-guides/"]}]},{"@type":"BreadcrumbList","@id":"https://www.bikelagrave.com/our-guides/#breadcrumb","itemListElement":[{"@type":"ListItem","position":1,"name":"Home","item":"https://www.bikelagrave.com/"},{"@type":"ListItem","position":2,"name":"Our Guides"}]},{"@type":"WebSite","@id":"https://www.bikelagrave.com/#website","url":"https://www.bikelagrave.com/","name":"Bike La Grave","description":"Biking in La Grave","potentialAction":[{"@type":"SearchAction","target":{"@type":"EntryPoint","urlTemplate":"https://www.bikelagrave.com/?s={search_term_string}"},"query-input":"required name=search_term_string"}],"inLanguage":"fr-FR"}]}</script>
<!-- / Yoast SEO plugin. -->
